se 9, what is 1 + -2167?
-2166
In base 7, what is 3440 + 0?
3440
In base 6, what is 4 + -143?
-135
In base 7, what is 100631 - -1?
100632
In base 8, what is -16 + 435?
417
In base 4, what is -230 - -2302?
2012
In base 13, what is 1 - 990?
-98c
In base 16, what is 1b5 + -19?
19c
In base 3, what is 202 + 100100?
101002
In base 11, what is -80 + -a?
-8a
In base 15, what is 7 + -2b?
-24
In base 9, what is 5 - 583?
-577
In base 3, what is 200 + -2000?
-1100
In base 9, what is -3588 - 1?
-3600
In base 10, what is 2 - -6?
8
In base 8, what is 103 + 16?
121
In base 7, what is -5 - -1160?
1152
In base 10, what is -5 - 390?
-395
In base 12, what is -2b + 21?
-a
In base 11, what is 709 - 1?
708
In base 11, what is -11 + 13?
2
In base 3, what is -10 + -12101?
-12111
In base 14, what is -5b9 - -1?
-5b8
In base 13, what is 30 + -4?
29
In base 7, what is 162 - 4?
155
In base 7, what is -315 + 3?
-312
In base 6, what is 3051 - 5?
3042
In base 13, what is 4 + -29?
-25
In base 4, what is -3 + -10330?
-10333
In base 8, what is 574 - 0?
574
In base 2, what is 11 - -1100010?
1100101
In base 12, what is -5 - 108?
-111
In base 10, what is -1 - -168?
167
In base 12, what is -162 + 4?
-15a
In base 13, what is 8 - -37?
42
In base 10, what is -1 - -5?
4
In base 5, what is 4 - -20310?
20314
In base 6, what is 131 - -212?
343
In base 8, what is 4 + 5364?
5370
In base 3, what is 2001 - 10?
1221
In base 11, what is 5 - -7a?
84
In base 11, what is -548 + -1?
-549
In base 12, what is -2 - 9?
-b
In base 14, what is -10a8 + -5?
-10ad
In base 9, what is -4 + -60?
-64
In base 13, what is -b78 - 2?
-b7a
In base 8, what is 5627 + 2?
5631
In base 3, what is -201 + 22?
-102
In base 11, what is -7 + 62?
56
In base 12, what is 1 + b3?
b4
In base 6, what is 24 + 10?
34
In base 4, what is 2122 + 33?
2221
In base 14, what is -5 - 172?
-177
In base 15, what is -4 - -39?
35
In base 2, what is -101 - -1111100?
1110111
In base 14, what is -5 - -47?
42
In base 15, what is 1 - -72?
73
In base 9, what is -2 - -1068?
1066
In base 15, what is 5 - -2?
7
In base 10, what is -5 - -774?
769
In base 4, what is -23 - -3?
-20
In base 10, what is -217 + 0?
-217
In base 13, what is 485 - 3?
482
In base 16, what is 2 - 15c?
-15a
In base 10, what is -2 + 6147?
6145
In base 6, what is -4 - 1234?
-1242
In base 8, what is -457 + 3?
-454
In base 12, what is 1 + 137?
138
In base 7, what is -21156 + -1?
-21160
In base 6, what is 125 - -400?
525
In base 8, what is 1 + -62?
-61
In base 10, what is 47 + -42?
5
In base 13, what is 12 + 1c?
31
In base 11, what is -7 + -52?
-59
In base 6, what is -325 + 4?
-321
In base 6, what is 4354 - -3?
4401
In base 15, what is 199 - 2?
197
In base 12, what is -2 - -525?
523
In base 6, what is -304 + -1?
-305
In base 14, what is 76b + -4?
767
In base 9, what is -1 - 16?
-17
In base 9, what is -216 - -12?
-204
In base 5, what is 224041 + 2?
224043
In base 15, what is 1a - 14?
6
In base 3, what is 1002002 + -2000?
1000002
In base 5, what is 4222 + -2?
4220
In base 10, what is 5 + 1570?
1575
In base 12, what is -1 - -248?
247
In base 8, what is -24207 - -5?
-24202
In base 16, what is -1 - 85?
-86
In base 10, what is 5 - 88?
-83
In base 10, what is -9530 + 3?
-9527
In base 3, what is -12 + 120?
101
In base 11, what is -1 - -65?
64
In base 10, what is 45 - -35?
80
In base 9, what is 40150 + -5?
40144
In base 8, what is -2663 + 1?
-2662
In base 15, what is b + 130?
13b
In base 10, what is 1 - 4?
-3
In base 2, what is -100111 + -10?
-101001
In base 4, what is -10 + 2031?
2021
In base 8, what is 2 - 101?
-77
In base 10, what is 18 + -11?
7
In base 10, what is 46 + 125?
171
In base 12, what is -27 + 6?
-21
In base 7, what is -206 - -10?
-166
In base 16, what is 6e + 5?
73
In base 8, what is -2 - 5001?
-5003
In base 16, what is -5 - 0?
-5
In base 14, what is -46 - 14c?
-194
In base 10, what is -641 - -25?
-616
In base 11, what is -244 + 0?
-244
In base 9, what is 1 + -1620?
-1618
In base 10, what is -1187 + 0?
-1187
In base 6, what is 1 + 355?
400
In base 3, what is -212210 + -1?
-212211
In base 10, what is -67 + -3?
-70
In base 12, what is 545 - 3?
542
In base 14, what is -1 + -12?
-13
In base 8, what is 62 - 554?
-472
In base 11, what is 11 - 50?
-3a
In base 11, what is 97 + -4?
93
In base 4, what is -123 - 122?
-311
In base 11, what is -14 + -168?
-181
In base 3, what is 10 - 2201200?
-2201120
In base 3, what is 112 + 2200101?
2200220
In base 12, what is 10a + -2?
108
In base 15, what is 4 - 150?
-14b
In base 3, what is -2 - 10010?
-10012
In base 12, what is 18 - -47?
63
In base 7, what is -104 - 355?
-462
In base 2, what is 10000011 + 0?
10000011
In base 9, what is -4 + 127?
123
In base 6, what is -13 + 4?
-5
In base 10, what is 217 + 2?
219
In base 16, what is -4 + 62?
5e
In base 16, what is 209 - 0?
209
In base 3, what is 2120 + -2?
2111
In base 15, what is 5 - 2c?
-27
In base 3, what is -102011 + -2210?
-111221
In base 15, what is -4 + 83b?
837
In base 10, what is 945 + -21?
924
In base 7, what is -3 - 12406?
-12412
In base 12, what is 0 + 47a?
47a
In base 9, what is 602 + 5?
607
In base 2, what is -100000 + 10001110?
1101110
In base 12, what is -7986 + -2?
-7988
In base 11, what is -29a5 - 4?
-29a9
In base 7, what is -351 - 14?
-365
In base 4, what is -23 - -23013?
22330
In base 13, what is -67 + -47?
-b1
In base 11, what is 13 - 37?
-24
In base 2, what is -100 - 1001101?
-1010001
In base 8, what is -2 - -207?
205
In base 15, what is 5 + 1dda?
1de0
In base 15, what is 56 + -24?
32
In base 5, what is 1424 - 0?
1424
In base 8, what is -31 + 0?
-31
In base 16, what is -15f - 2?
-161
In base 13, what is -624 - 15?
-639
In base 16, what is -f2 + 5?
-ed
In base 11, what is -5a4 - -5?
-59a
In base 10, what is -5 - 313?
-318
In base 13, what is -4 - -28?
24
In base 6, what is 215 + -5?
210
In base 4, what is -2 + -123?
-131
In base 12, what is 8a5b - -4?
8a63
In base 12, what is -5 + -13?
-18
In base 6, what is 1403 - -1?
1404
In base 11, what is -5 - -33a?
335
In base 15, what is -6 + 9cd?
9c7
In base 12, what is -4 + -2a4b?
-2a53
In base 9, what is -72 - -6?
-65
In base 16, what is 44 - 8?
3c
In base 15, what is -1d - -126?
108
In base 8, what is 2 + -1230?
-1226
In base 12, what is 0 + 59?
59
In base 11, what is 5 + -10?
-6
In base 7, what is 36 + 10?
46
In base 13, what is a + -c5?
-b8
In base 15, what is -39 + 3?
-36
In base 9, what is 2274 - -5?
2280
In base 10, what is 374 - -44?
418
In base 14, what is 3 - 21?
-1c
In base 15, what is -11 + b?
-5
In base 14, what is 5b - 3?
58
In base 10, what is -15 - -45?
30
In base 13, what is 1 - 593?
-592
In base 15, what is 92 - -a?
9c
In base 7, what is 0 - 1264?
-1264
In base 2, what is -100 - -10011101000?
10011100100
In base 8, what is -16602 - -4?
-16576
In base 13, what is 68 - 5?
63
In base 6, what is -4514 - 3?
-4521
In base 2, what is 11 - -100011011?
100011110
In base 14, what is 2 - -288?
28a
In base 13, what is 465 + -1?
464
In base 12, what is -55 - -35?
-20
In base 2, what is -1110 + -1010?
-11000
In base 11, what is a9 + -6?
a3
In base 9, what is 3 + 142?
145
In base 7, what is 26 + -33?
-4
In base 14, what is -43 + -5?
-48
In base 6, what is 15 - 112?
-53
In base 8, what is 3 - 72?
-67
In base 12, what is -13 - -12?
-1
In base 14, what is -19 + 2?
-17
In base 9, what is 2 + -118?
-116
In base 11, what is 6 + -174?
-169
In base 4, what is 332013 + -1?
332012
In base 11, what is a + 30?
3a
In base 13, what is 8 + -14c?
-144
In base 11, what is 10851 - -3?
10854
In base 2, what is 10101001001 + -1?
10101001000
In base 4, what is -13032 + -2?
-13100
In base 3, what is 100 + 221?
1021
In base 9, what is -14 + 4?
-10
In base 3, what is -201021 - 11?
-201102
In base 3, what is -21110 + -22?
-21202
In base 5, what is 2322 + -104?
2213
In base 8, what is -110 - 4?
-114
In base 3, what is -1022 - -1?
-1021
In base 10, what is 16 - -120?
136
In base 15, what is -2 - -723?
721
In base 7, what is 2 + -2254?
-2252
In base 10, what is 267 - -2?
269
In base 15, what is 86 - -7?
8d
In base 15, what is -8 - 2a9?
-2b2
In base 13, what is b + -27?
-19
In base 10, what is -5 - 508?
-513
In base 10, what is -3 + 539?
536
In base 6, what is 1052055 - -5?
1052104
In base 7, what is 35 + -3?
32
In base 10, what is -2 - 5?
-7
In base 5, what is 331 - 